Let j(y) = y**2 - 6*y - 7. Let x be j(c). Suppose -4*f + 9 + 15 = x. What is the units digit of f?
6
Suppose 17 + 5 = 2*n - 4*j, 5*n = 2*j + 39. Suppose -32 = -8*m + n*m. What is the units digit of m?
2
Let w(f) = 28*f**3 - 3*f**2 + 7*f - 4. What is the tens digit of w(2)?
2
Let u(y) = y**3 + 11*y**2 + 4. Let s be u(-11). What is the tens digit of -202*((-6)/s + 1)?
0
Let b(g) = 37*g + 11. Let a be b(-7). What is the tens digit of (a/(-6))/(4/6)?
6
Let d(y) = y**3 + 7*y**2 + 3*y + 21. Let c be d(-6). Let m = 2 + c. What is the units digit of m?
1
Suppose -4*x + 0*x + 5*k + 57 = 0, 5*k = 2*x - 21. What is the units digit of (-595)/(-2) + x/36?
8
Let o = 239 - 140. What is the tens digit of o?
9
Let q be (-3)/1 + 4/4. Let k be (17 - (3 + q)) + 2. Suppose 0 = 3*z - k - 51. What is the units digit of z?
3
Let l(a) = -a**3 + a**2 - a. Let u(d) = -5*d**3 + 4*d**2 - 3*d + 7. Let v(q) = -4*l(q) + u(q). What is the units digit of v(0)?
7
Let x = 2 - -3. Let w be (-50)/(-4)*(-20)/(-25). Let g = w + x. What is the tens digit of g?
1
Let z(w) = -w**3 + w**2 + 27*w + 6. Let t be z(-5). Suppose -2*c + 8 = 2*c. Let l = t - c. What is the units digit of l?
9
Suppose b + 13 + 5 = 0. Let u be (-3 - -2 - b)/(-1). What is the tens digit of 1/(33/u + 2)?
1
Let t = -33 - -353. What is the tens digit of t?
2
Let i(k) = -5*k + 25*k**3 + 14 - 26*k**3 - 5 + 9*k**2. Let l be i(7). Suppose -3*v = -2*q + 67, -2*q + 2*v + 0 = -l. What is the units digit of q?
1
Let h be (-14)/(-49) + (-7038)/(-14). Suppose 5*y - h = 107. What is the units digit of y?
2
Let y = -36 + 32. What is the tens digit of -2 - y - (-138)/2?
7
Suppose -2*x + 286 = -128. Let q = x - 107. What is the tens digit of q?
0
Suppose 5*w = 7*w. Suppose -4*d - d + 145 = w. What is the units digit of d?
9
Let v = -70 + 97. Let n = 4 + 51. Let j = n - v. What is the tens digit of j?
2
Suppose -3*p - 8*r = -6*r - 3514, 5*p = 3*r + 5825. What is the thousands digit of p?
1
Let f = 1662 - -2012. What is the tens digit of f?
7
Let h(m) = m**2 - 4*m - 5. Let v be h(6). Let c = 39 - 12. Suppose -l + c = -v. What is the tens digit of l?
3
Suppose -u + 0*u = 5*n + 135, -n = -2*u + 27. What is the tens digit of n/((20/16)/(-5))?
0
Suppose 0 = 2*p + p - 9. Let d = 191 - 189. Suppose 0*x + 60 = p*x + 4*k, -3*k = -d*x + 40. What is the tens digit of x?
2
Let k = 79 - 54. Let u be 1 + (2 - (3 - 4)). Suppose 4*b - 16 = u*d, -5*b + 0 + k = 0. What is the units digit of d?
1
Suppose -2*w - 3*y = 18, 2*w + 10 = 2*y - 8. Let n = 19 - w. What is the units digit of n?
8
Let l(p) = 4*p**3 - 3*p**3 - 3 + 2*p + 19*p**2 - 28*p**2. Let g be l(9). What is the units digit of g/(4 + -1) + 0?
5
Suppose 0 = d - 2*d + 2. Let t be ((-4)/12)/(d/6). What is the units digit of (t - 1)*77/(-14)?
1
Suppose 0 = -4*g - 16, -5*w - 4*g + 3*g = -6. What is the tens digit of 49 + 5/w*6/5?
5
Let v = -476 + 241. Let u = -161 - v. What is the tens digit of u?
7
Suppose -2*k - 5*j = -7*k + 135, 4*k = -5*j + 63. Let x(a) = -a - 1. Let c be x(-3). Suppose 4*i = c*i + k. What is the units digit of i?
1
Let g be -2 + 7 + -1 - (0 - 1). Suppose 4*f + g*u = 496, 2*f - 4*u = -0*u + 248. What is the units digit of f?
4
Let d(h) = 4*h + 28. Let r be d(-5). Let j(z) = 13*z - 7. What is the units digit of j(r)?
7
Suppose 5*d = -3*c - 25, 4*d - 6 = 5*c + 11. Let w(p) = -p**3 - 5*p**2 + p + 5. Let k be w(c). Suppose -5*r + 3 + 32 = k. What is the units digit of r?
7
Let w = -50 + 59. Suppose 0*m - 3*m + 5*a - w = 0, 5*m - 7 = a. What is the units digit of m?
2
Let d be 44*11/6*3. Let j be d/(-6) - (-8)/24. Let h = -10 - j. What is the units digit of h?
0
Let x be 1/(-6) + (-61)/(-6). Suppose -7 = -0*j + j. Let q = x + j. What is the units digit of q?
3
Suppose -t - 74 = -505. Let j = -256 + t. What is the units digit of j?
5
Suppose 150 = -23*v + 8*v. What is the units digit of (-3)/(6/304)*v/8?
0
Suppose -3*z = 2*r + 11, 17 = r - 4*r - 4*z. Let a be 8/(-28) - (-54)/r. What is the units digit of (7 - -1)/((-4)/a)?
6
Suppose 0 = 7*i - 1869 - 1484. What is the hundreds digit of i?
4
Let h(y) = -3*y**2 + 7*y - 6. Let u be h(9). Let i = 299 + u. What is the hundreds digit of i?
1
Suppose 1 = -5*l + 6. What is the units digit of (-2)/((-4)/46) + l?
4
Let q(t) = -t**3 + 9*t**2 - 14. Suppose -3*k + r + 15 = 0, 4*k - 5*r - 15 = -2*r. What is the tens digit of q(k)?
9
Let y = -5 - 0. Let i(d) be the third derivative of d**5/60 + d**4/24 + d**3/2 + 22*d**2. What is the units digit of i(y)?
3
Let p(o) = o**3 + 3*o**2 + o + 1. Suppose -7*f - 6 = -4*f. What is the units digit of p(f)?
3
Suppose 0 = d + 3*g - 1243, 6147 = -d + 6*d - 2*g. What is the units digit of d?
1
Suppose -7*d = -11*d + 492. Suppose 4*k - 744 = 2*q, k + q - 5*q = 193. Let x = k - d. What is the tens digit of x?
6
Let y(j) be the first derivative of 21*j**3 + j**2 - j + 5. Let f be y(1). Suppose f = 3*i - 44. What is the tens digit of i?
3
Let d be 1*(-4 - -1)/3. What is the units digit of (d - -2)/1 - -66?
7
Suppose -504 = -5*v + 366. Let l be (-2)/8 + (-68)/(-16) - 2. Suppose 0 = -j - l*j + v. What is the units digit of j?
8
Let s(z) = -20*z - 21. Suppose p + 8 = 3. What is the units digit of s(p)?
9
Suppose v + 2*r - 23 = 0, 80 = 4*v - v - 5*r. What is the units digit of (-5)/(v/(-15))*10?
0
Let c = -413 - -231. Let t = -71 - c. What is the units digit of t?
1
Let m(w) = -w + 1. Let l(c) = 5*c - 27. Let a(k) = -k**3 - 5*k**2 + 6*k - 1. Let o be a(-6). Let g(t) = o*l(t) - 4*m(t). What is the tens digit of g(0)?
2
Let m(r) = 11*r**3 + 22*r**2 - 28*r - 33. Let y(w) = -5*w**3 - 11*w**2 + 14*w + 16. Let q(g) = 6*m(g) + 13*y(g). What is the hundreds digit of q(11)?
1
Suppose 1925 = -2*k + 7*k. Suppose -5*w + 2*y + k = 0, 0*w - y + 70 = w. What is the units digit of w?
5
What is the thousands digit of -2*1/(-11) - 1158664/(-1144)?
1
Let z = 76 - -3. What is the units digit of (0 - 1)*z*-1?
9
Let b = -112 + 115. Let i be 0/(2*2/(-4)). Suppose i*z - b*z = -180. What is the units digit of z?
0
Suppose -x - 2 = -2*x. Let y(o) = -3*o + o**3 + 2*o - 121 + 7*o + 7*o**x + 120. What is the tens digit of y(-5)?
1
Suppose 702 = 5*o - 2*o. Suppose 0 = -4*s - o + 78. Let m = s - -76. What is the units digit of m?
7
Let o(v) = 337*v**2 + v + 1. What is the hundreds digit of o(1)?
3
Let h = -2517 - -3735. What is the hundreds digit of h?
2
Let h(n) be the third derivative of -n**6/120 + n**5/30 - n**4/12 + 2*n**3 + 32*n**2. What is the units digit of h(0)?
2
Suppose -3*n - 4*h = -214, 0*n - 2*n + 3*h + 171 = 0. What is the hundreds digit of n/(-9)*(-1 + -11) - 1?
1
Suppose -347 - 245 = -8*b. What is the units digit of b?
4
Let p = 31 + -33. What is the units digit of -2 - p - (-7)/((-28)/(-312))?
8
Let y be (-170)/51*(-6)/4. Suppose 3*k - f = 98, -3*k + y*f - f + 104 = 0. What is the tens digit of k?
3
Let a(w) = 4*w**2 + 10*w + 61. What is the units digit of a(-7)?
7
Suppose 3*p - 1813 - 134 = 0. What is the units digit of p?
9
Let t(m) = m + 13. Let n be t(-7). Suppose -4*x - 18 = 2*x. What is the units digit of 2/n + (-107)/x?
6
Let t(b) = -b**2 - 4*b - 4. Let j be t(-2). Suppose -120 = -3*a - j. What is the tens digit of a?
4
Suppose 7*k - 4315 = 2*k + 2*c, -2*c = 0. What is the tens digit of k?
6
Suppose 0*y - 2*y = -12. Suppose 36 = -y*s + 2*s. Let p(w) = -3*w - 6. What is the tens digit of p(s)?
2
Let z(q) = -144*q - 216. What is the hundreds digit of z(-6)?
6
Suppose -20*p - 29336 = -91376. What is the hundreds digit of p?
1
Suppose -166*h + 28 = -162*h. Let i(d) = -d + 10. Let b be i(6). Suppose b*a - h*a = -63. What is the tens digit of a?
2
Let n be 6/(-27) - (-50)/(-18). Let h be (n/9 - -1)*-3. What is the tens digit of -2*((-4 - h) + -13)?
3
What is the units digit of (-4)/(-5) + (-13626)/(-30)?
5
Suppose 2*g - 4*g = 5*f - 35, 2*g = 0. Let w = f - 9. What is the units digit of w + (-2 - -3) + 34?
3
Let t = 27 - -526. What is the hundreds digit of t?
5
Suppose 0 = x - 3 - 6. Let j(f) = f**2 - 8*f - 6. Let t be j(x). Suppose g - 14 = u - t*u, -3*g = -5*u + 24. What is the units digit of u?
6
Let o = 213 + 664. What is the hundreds digit of o?
8
Let f(b) = 1533*b - 127. What is the hundreds digit of f(3)?
4
Let v = -275 - 45. Let j = -43 - v. What is the hundreds digit of j?
2
Let v = 2147 + 182. What is the units digi